73000.
2, 5, 53, 541
What are the prime factors of 2005629026?
2, 17, 23, 47, 197, 277
List the prime factors of 948856348.
2, 11, 1960447
List the prime factors of 28045962.
2, 3, 7, 222587
List the prime factors of 12738889.
12738889
What are the prime factors of 469930899?
3, 4673, 33521
What are the prime factors of 326297860?
2, 5, 7, 233, 1429
What are the prime factors of 367550569?
367550569
List the prime factors of 192101677.
149, 1289273
What are the prime factors of 1452969464?
2, 17, 628447
What are the prime factors of 496210036?
2, 7, 17721787
List the prime factors of 160684708.
2, 29, 1385213
What are the prime factors of 187429196?
2, 46857299
List the prime factors of 8123034.
2, 3, 1353839
What are the prime factors of 109398960?
2, 3, 5, 11, 19, 727
List the prime factors of 4366834557.
3, 17, 85624207
List the prime factors of 1384158138.
2, 3, 11, 1663, 12611
List the prime factors of 7978892.
2, 1033, 1931
List the prime factors of 309003040.
2, 5, 31, 62299
List the prime factors of 36018962.
2, 7, 31, 149, 557
What are the prime factors of 7433580952?
2, 7, 191, 694987
What are the prime factors of 703649983?
113, 2441, 2551
What are the prime factors of 6900323258?
2, 89, 127, 305243
List the prime factors of 1341707336.
2, 229, 732373
List the prime factors of 582548175.
3, 5, 11, 53, 4441
What are the prime factors of 5541062813?
11, 13, 5387, 7193
What are the prime factors of 367766179?
11, 1657, 20177
What are the prime factors of 1684198736?
2, 11, 23, 563, 739
What are the prime factors of 36559486?
2, 17, 1075279
What are the prime factors of 148475107?
11, 113, 10859
List the prime factors of 1766660591.
89, 19850119
List the prime factors of 82053742.
2, 19, 23, 223, 421
What are the prime factors of 373429477?
19, 139, 141397
What are the prime factors of 118442063?
118442063
What are the prime factors of 1483757466?
2, 3, 247292911
What are the prime factors of 147329368?
2, 18416171
What are the prime factors of 123031482?
2, 3, 7, 17, 172313
List the prime factors of 31544923.
31544923
What are the prime factors of 396454169?
396454169
What are the prime factors of 910018442?
2, 455009221
List the prime factors of 107788488.
2, 3, 23, 31, 6299
What are the prime factors of 1332901539?
3, 148100171
List the prime factors of 2961195586.
2, 1759, 841727
List the prime factors of 24767144.
2, 3095893
What are the prime factors of 76163360?
2, 5, 7, 13, 5231
What are the prime factors of 1679830205?
5, 3559, 94399
List the prime factors of 3568073786.
2, 1784036893
List the prime factors of 831165122.
2, 17, 23, 1062871
What are the prime factors of 176101970?
2, 5, 11, 41, 39047
List the prime factors of 134837443.
13, 29, 357659
List the prime factors of 261720665.
5, 229, 228577
What are the prime factors of 111642706?
2, 7, 17, 43, 10909
List the prime factors of 1355614385.
5, 59, 4595303
List the prime factors of 433568192.
2, 6774503
List the prime factors of 781671847.
11, 41, 1733197
What are the prime factors of 494956761?
3, 13, 12691199
What are the prime factors of 11080781?
19, 233, 2503
List the prime factors of 5372039540.
2, 5, 7, 661, 8293
What are the prime factors of 313361842?
2, 156680921
List the prime factors of 61386285.
3, 5, 101, 40519
What are the prime factors of 2885635261?
67, 3541, 12163
What are the prime factors of 378940417?
1609, 235513
List the prime factors of 239974697.
199, 1205903
What are the prime factors of 70756501?
70756501
What are the prime factors of 89593250?
2, 5, 358373
List the prime factors of 41129543.
7, 13, 23, 43, 457
What are the prime factors of 50034672?
2, 3, 17, 757
List the prime factors of 34333610.
2, 5, 379, 9059
List the prime factors of 1905573079.
43, 997, 44449
What are the prime factors of 6814375?
5, 10903
What are the prime factors of 4842993486?
2, 3, 19, 173, 245563
What are the prime factors of 110424990?
2, 3, 5, 13, 59, 4799
List the prime factors of 906430185.
3, 5, 3209, 6277
List the prime factors of 83332069.
83332069
List the prime factors of 31097271.
3, 443, 23399
What are the prime factors of 24003160?
2, 5, 503, 1193
List the prime factors of 35945413.
7, 29, 113, 1567
What are the prime factors of 933243515?
5, 23, 47, 172663
What are the prime factors of 1719927463?
1719927463
List the prime factors of 4607943707.
19, 12764387
List the prime factors of 286179485.
5, 57235897
What are the prime factors of 167227061?
1831, 91331
What are the prime factors of 3743655495?
3, 5, 4327, 57679
List the prime factors of 21533730.
2, 3, 5, 17, 42223
What are the prime factors of 189372099?
3, 7, 9017719
What are the prime factors of 348487461?
3, 7, 29, 31, 293
List the prime factors of 636547990.
2, 5, 13, 4896523
List the prime factors of 1474573073.
131, 3217, 3499
What are the prime factors of 54650563?
11, 17, 292249
List the prime factors of 10095518.
2, 17, 263, 1129
What are the prime factors of 6049972075?
5, 7, 43, 79, 10177
List the prime factors of 940176066.
2, 3, 156696011
List the prime factors of 47161604.
2, 7, 17, 99079
List the prime factors of 140135350.
2, 5, 2802707
List the prime factors of 12979493.
41, 89, 3557
What are the prime factors of 595916425?
5, 13, 67, 27367
List the prime factors of 245078585.
5, 1657, 29581
What are the prime factors of 1168894150?
2, 5, 4583, 5101
List the prime factors of 636797039.
739, 861701
What are the prime factors of 75236805?
3, 5, 7, 149, 229
What are the prime factors of 1716360489?
3, 63568907
What are the prime factors of 3015453378?
2, 3, 7, 71796509
List the prime factors of 69109426.
2, 34554713
List the prime factors of 74632379.
227, 328777
What are the prime factors of 161009687?
161009687
List the prime factors of 185239376.
2, 7, 1653923
List the prime factors of 7599777158.
2, 293, 12968903
What are the prime factors of 461618287?
13, 43, 53, 15581
What are the prime factors of 622857148?
2, 155714287
List the prime factors of 529223494.
2, 29, 131, 69653
List the prime factors of 28263131.
13, 1409, 1543
What are the prime factors of 154270957?
139, 547, 2029
List the prime factors of 530375206.
2, 265187603
List the prime factors of 1826397.
3, 202933
What are the prime factors of 96537070?
2, 5, 7, 37, 37273
What are the prime factors of 1394029897?
13, 107233069
What are the prime factors of 2017962206?
2, 13, 233, 333107
What are the prime factors of 252883838?
2, 126441919
List the prime factors of 236789510.
2, 5, 23678951
List the prime factors of 6005205681.
3, 17, 117749131
List the prime factors of 266782121.
41, 6506881
What are the prime factors of 118244955?
3, 5, 23, 89, 3851
List the prime factors of 56380359.
3, 7, 109, 24631
List the prime factors of 18361899.
3, 2040211
What are the prime factors of 149451348?
2, 3, 12454279
What are the prime factors of 1634052971?
17, 2971, 32353
List the prime factors of 21590162.
2, 11, 641, 1531
List the prime factors of 7026976.
2, 11, 19963
List the prime factors of 925500171.
3, 29, 47, 113, 2003
What are the prime factors of 3167312296?
2, 17, 23289061
List the prime factors of 65311328.
2, 1021, 1999
List the prime factors of 89054197.
19, 4687063
What are the prime factors of 2320638420?
2, 3, 5, 38677307
What are the prime factors of 1160062774?
2, 13, 41, 1088239
What are the prime factors of 3594130247?
3594130247
List the prime factors of 333434687.
97, 953, 3607
List the prime factors of 151421391.
3, 11, 31, 49339
List the prime factors of 948595248.
2, 3, 6587467
List the prime factors of 172512563.
172512563
List the prime factors of 27402277.
7, 281, 13931
What are the prime factors of 427749568?
2, 61, 109567
List the prime factors of 365945701.
11, 251, 132541
What are the prime factors of 124813318?
2, 7, 19, 23, 887
List the prime factors of 962441.
962441
What are the prime factors of 2171852623?
937, 2317879
List the prime factors of 168208378.
2, 13, 193, 33521
List the prime factors of 2585700477.
3, 227, 1265639
List the prime factors of 19582419.
3, 17, 383969
What are the prime factors of 246278907?
3, 7, 71, 18353
What are the prime factors of 2150954460?
2, 3, 5, 3983249
What are the prime factors of 33463325?
5, 7, 59, 463
List the prime factors of 1572478815.
3, 